?
True
Does 25 divide 200325?
True
Is 7 a factor of 4771900?
True
Does 1280 divide 193661?
False
Does 19 divide 131955?
True
Is 9 a factor of 7640?
False
Does 300 divide 39391?
False
Is 2805915 a multiple of 105?
True
Does 100 divide 18000?
True
Is 83 a factor of 650346?
False
Is 447 a factor of 140358?
True
Does 32 divide 1484704?
True
Is 10028236 a multiple of 212?
True
Is 584166 a multiple of 533?
False
Does 636 divide 160258?
False
Does 253 divide 739519?
True
Is 156891 a multiple of 31?
True
Does 44 divide 586564?
True
Does 10 divide 5060?
True
Is 62359 a multiple of 81?
False
Is 260 a factor of 551980?
True
Does 37 divide 8479993?
True
Is 5809110 a multiple of 266?
False
Does 13 divide 19240?
True
Is 439 a factor of 519059?
False
Is 653940 a multiple of 15?
True
Does 14 divide 302904?
True
Does 207 divide 63065?
False
Is 82 a factor of 2156313?
False
Is 15440020 a multiple of 8?
False
Is 65460 a multiple of 7?
False
Is 22 a factor of 305543?
False
Is 56580 a multiple of 138?
True
Is 13651811 a multiple of 23?
True
Is 431 a factor of 597581?
False
Is 84077 a multiple of 18?
False
Is 108936 a multiple of 68?
True
Is 50856 a multiple of 156?
True
Is 64 a factor of 1443968?
True
Is 26 a factor of 102359?
False
Is 111 a factor of 134088?
True
Does 9 divide 1455021?
True
Is 1196902 a multiple of 119?
True
Is 999054 a multiple of 7?
True
Does 56 divide 10565782?
False
Is 343 a factor of 11937?
False
Is 1040952 a multiple of 43?
False
Is 30 a factor of 2988005?
False
Is 619808 a multiple of 14?
True
Does 142 divide 155916?
True
Is 11 a factor of 9644679?
True
Does 509 divide 2535731?
False
Is 124 a factor of 3793117?
False
Does 81 divide 114366?
False
Is 8385 a multiple of 73?
False
Is 13 a factor of 377494?
True
Does 39 divide 1136068?
False
Is 1506543 a multiple of 254?
False
Is 188 a factor of 663640?
True
Is 68 a factor of 426564?
True
Is 10 a factor of 16840?
True
Is 583396 a multiple of 11?
True
Does 227 divide 1514090?
True
Is 484432 a multiple of 21?
False
Is 4638793 a multiple of 157?
False
Does 9 divide 623511?
True
Is 31 a factor of 122698?
True
Is 16387956 a multiple of 78?
True
Is 563871 a multiple of 20?
False
Does 48 divide 751512?
False
Is 2971659 a multiple of 52?
False
Is 32 a factor of 83712?
True
Does 58 divide 58986?
True
Does 30 divide 173790?
True
Is 4 a factor of 3396?
True
Is 193569 a multiple of 7?
False
Is 10 a factor of 22277760?
True
Is 2783925 a multiple of 9?
True
Does 45 divide 581144?
False
Is 31 a factor of 46872?
True
Is 284 a multiple of 142?
True
Is 3 a factor of 6359?
False
Is 17 a factor of 4107278?
False
Is 13 a factor of 32682?
True
Is 83609 a multiple of 49?
False
Is 751700 a multiple of 50?
True
Is 28 a factor of 204632?
False
Is 608934 a multiple of 2?
True
Does 191 divide 4011?
True
Is 38916 a multiple of 6?
True
Is 4116580 a multiple of 41?
False
Does 43 divide 765444?
False
Does 55 divide 263615?
True
Does 73 divide 1794266?
False
Does 153 divide 296040?
False
Does 232 divide 2554784?
True
Does 417 divide 483720?
True
Is 81 a factor of 8788750?
False
Does 24 divide 16266?
False
Does 9 divide 19666635?
False
Is 76734 a multiple of 203?
True
Is 9432 a multiple of 4?
True
Does 18 divide 1981874?
False
Is 193050 a multiple of 117?
True
Does 56 divide 437024?
True
Does 28 divide 603122?
False
Does 271 divide 1141452?
True
Does 7 divide 267543?
False
Is 119680 a multiple of 544?
True
Does 65 divide 151515?
True
Does 27 divide 1070334?
True
Does 84 divide 8618988?
True
Does 9 divide 786654?
True
Is 493 a factor of 77894?
True
Is 132 a factor of 1766424?
True
Is 254 a factor of 8005905?
False
Is 199 a factor of 493321?
True
Is 399057 a multiple of 537?
False
Does 150 divide 783300?
True
Does 495 divide 2833380?
True
Is 14 a factor of 164864?
True
Does 5 divide 342939?
False
Is 133 a factor of 26068?
True
Is 11 a factor of 24535?
False
Is 31 a factor of 244001?
True
Does 61 divide 1822?
False
Is 35 a factor of 879532?
False
Does 20 divide 484960?
True
Does 213 divide 1109091?
True
Does 101 divide 14752?
False
Does 61 divide 144933?
False
Is 8 a factor of 66160?
True
Is 397765 a multiple of 215?
False
Is 210188 a multiple of 44?
True
Is 34098 a multiple of 3?
True
Is 18837 a multiple of 9?
True
Is 630564 a multiple of 319?
False
Does 312 divide 16141008?
True
Does 42 divide 899556?
True
Does 197 divide 335097?
True
Is 835628 a multiple of 14?
False
Is 12252597 a multiple of 17?
True
Does 6 divide 75276?
True
Does 51 divide 24206381?
False
Does 19 divide 422989?
False
Is 26 a factor of 303316?
True
Does 12 divide 1465998?
False
Does 5 divide 261579?
False
Does 140 divide 1424415?
False
Does 4 divide 3784?
True
Is 7854 a multiple of 191?
False
Does 50 divide 906450?
True
Is 160323 a multiple of 22?
False
Is 461 a factor of 5594235?
True
Is 265902 a multiple of 42?
True
Is 3 a factor of 34554?
True
Is 4 a factor of 127282?
False
Is 148267 a multiple of 17?
False
Is 13 a factor of 4065667?
False
Does 127 divide 4116198?
False
Does 156 divide 50399?
False
Is 5 a factor of 62878?
False
Is 73137 a multiple of 320?
False
Is 14840 a multiple of 20?
True
Is 123 a factor of 440151?
False
Does 4 divide 31930?
False
Does 17 divide 20088?
False
Is 263025 a multiple of 63?
True
Is 218 a factor of 16812355?
False
Does 23 divide 413172?
True
Does 5 divide 11102?
False
Is 33 a factor of 4437329?
False
Is 56916 a multiple of 62?
True
Is 3951181 a multiple of 13?
True
Is 778 a factor of 570668?
False
Does 20 divide 2623058?
False
Is 603 a factor of 2507274?
True
Is 18 a factor of 162821?
False
Is 313344 a multiple of 408?
True
Does 100 divide 683627?
False
Is 1229508 a multiple of 574?
True
Does 19 divide 88255?
True
Is 38684 a multiple of 8?
False
Does 128 divide 87820?
False
Is 33 a factor of 198835?
False
Is 54 a factor of 652720?
False
Does 3 divide 478361?
False
Is 37 a factor of 594960?
True
Is 17 a factor of 512244?
True
Is 17 a factor of 133941?
False
Is 11 a factor of 67120?
False
Is 426 a factor of 468600?
True
Is 34 a factor of 8474976?
True
Does 35 divide 5029459?
False
Is 129 a factor of 2113858?
False
Is 51310 a multiple of 14?
True
Does 12 divide 26231?
False
Is 26 a factor of 11678223?
False
Does 15 divide 1507587?
False
Is 172 a factor of 2904392?
True
Is 10 a factor of 5806?
False
Is 11623402 a multiple of 19?
True
Is 242 a factor of 1050875?
False
Is 45 a factor of 1280710?
False
Is 351958 a multiple of 713?
False
Does 108 divide 262764?
True
Is 447 a factor of 1981104?
True
Is 16 a factor of 171401?
False
Is 313 a factor of 1017891?
False
Is 71916 a multiple of 70?
False
Is 65531 a multiple of 63?
False
Is 5 a factor of 103420?
True
Is 10257 a multiple of 8?
False
Is 3 a factor of 1652343?
True
Is 136377 a multiple of 9?
True
Is 35 a factor of 609595?
True
Does 5 divide 43300?
True
Is 60 a factor of 202140?
True
Does 578 divide 667675?
False
Does 336 divide 31218?
False
Does 124 divide 480928?
False
Is 572 a factor of 9377?
False
Does 7 divide 1083?
False
Is 13245 a multiple of 9?
False
Is 733635 a multiple of 35?
True
Is 7 a factor of 51874?
False
Is 22 a factor of 458485?
False
Is 11 a factor of 3344455?
False
Is 44 a factor of 217888?
True
Is 43 a factor of 35905?
True
Is 221047 a multiple of 11?
False
Is 32459 a multiple of 63?
False
Is 133 a factor of 1302885?
False
Is 48026 a multiple of 13?
False
Is 581310 a multiple of 30?
True
Is 27038 a multiple of 3?
False
Does 97 divide 176502?
False
Is 1091064 a multiple of 39?
True
Is 13 a factor of 337129?
True
Is 96 a factor of 1597281?
False
Does 139 divide 8096356?
False
Is 85753 a multiple of 4?
False
Is 1836 a multiple of 51?
True
Does 70 divide 1508215?
False
Is 13 a factor of 849225?
True
Does 339 divide 4189362?
True
Does 7 divide 52012?
False
Is 7 a factor of 434266?
True
Is 5 a factor of 315791?
False
Is 5926956 a multiple of 111?
True
Is 2165078 a multiple of 3?
False
Does 40 divide 37508?
False
Is 86 a factor of 193618?
False
Is 494 a factor of 32110?
True
Is 83670 a multiple of 2?
True
Is 1230 a factor of 17514177?
False
Does 263 divide 73897?
False
Is 278156 a multiple of 153?
False
Is 27 a factor of 195276?
False
Is 4063576 a multiple of 13?
False
Is 12 a factor of 5064?
True
Is 6438401 a multiple of 227?
True
Is 120 a factor of 2599680?
Tru